{"id":4384,"date":"2024-10-16T21:41:53","date_gmt":"2024-10-16T21:41:53","guid":{"rendered":"https:\/\/klacon.com.br\/novo\/?page_id=4384"},"modified":"2025-10-15T12:48:34","modified_gmt":"2025-10-15T12:48:34","slug":"obras_em_andamento","status":"publish","type":"page","link":"https:\/\/klacon.com.br\/novo\/obras_em_andamento\/","title":{"rendered":"Obras em Andamento"},"content":{"rendered":"<p>[vc_row][vc_column][vc_column_text animation_duration=&#8221;1&#8243; animation_delay=&#8221;0&#8243;]<\/p>\n<h2>LAR 233 &#8211; Reserva do Bosque<\/h2>\n<p>[\/vc_column_text][vc_empty_space][\/vc_column][\/vc_row][vc_row][vc_column width=&#8221;1\/4&#8243;][vc_single_image image=&#8221;4368&#8243; img_size=&#8221;full&#8221; animation_duration=&#8221;1&#8243; animation_delay=&#8221;0&#8243;][\/vc_column][vc_column width=&#8221;3\/4&#8243;][vc_column_text animation_duration=&#8221;1&#8243; animation_delay=&#8221;0&#8243;]<\/p>\n<h4>Apartamentos de 2 e 3 quartos, gardens e coberturas de 86 a 236 m\u00b2.<br \/>\nRooftop com vista para o Cristo com piscina de raia e infantil, sauna, sal\u00e3o de festas com \u00e1rea gourmet e churrasqueira e academia.<br \/>\nBosque privativo para os moradores com parque infantil.<\/h4>\n<p>[\/vc_column_text][vc_empty_space][vc_row_inner][vc_column_inner width=&#8221;1\/2&#8243;][zad_icon_box icon_type=&#8221;custom&#8221; icon_img=&#8221;75&#8243; img_width=&#8221;25&#8243; title=&#8221;Rua das Laranjeiras, 233 &#8211; Laranjeiras&#8221; animation_duration=&#8221;1&#8243; animation_delay=&#8221;0&#8243; title_font_container=&#8221;h5&#8243;][\/zad_icon_box][zad_icon_box icon_type=&#8221;custom&#8221; icon_img=&#8221;72&#8243; img_width=&#8221;25&#8243; title=&#8221;64 apartamentos&#8221; animation_duration=&#8221;1&#8243; animation_delay=&#8221;0&#8243; title_font_container=&#8221;h5&#8243;][\/zad_icon_box][\/vc_column_inner][vc_column_inner width=&#8221;1\/2&#8243;][zad_icon_box icon_type=&#8221;custom&#8221; icon_img=&#8221;73&#8243; img_width=&#8221;25&#8243; title=&#8221;Rooftop com \u00e1rea de lazer completa. Bosque privativo!&#8221; animation_duration=&#8221;1&#8243; animation_delay=&#8221;0&#8243; title_font_container=&#8221;h5&#8243;][\/zad_icon_box][\/vc_column_inner][\/vc_row_inner][\/vc_column][\/vc_row][vc_row][vc_column]<div id=\"kp_button_69f518e5805fe\" class=\"kp_button-wrapper kp_button-align-right\"><a  style=\"background: #55c0c2;color: #ffffff; \" data-bg-color=\"#55c0c2\" data-text-color=\"#ffffff\" data-hover-bg-color=\"#ffffff\" data-hover-text-color=\"#55c0c2\" class=\"button kp_button no-transition  kp_button-md kp_button-rounded \" href=\"https:\/\/klacon.com.br\/novo\/obras-em-andamento\/lar233\/\" title=\"Enredo Riachuelo 201\" target=\"_self\"><span class=\"btn_text\"> fotos da obra<\/span><\/a><\/div>\n\t<style scoped>\r\n#kp_button_69f518e5805fe a.kp_button-outlined , #kp_button_69f518e5805fe a.kp_button-round_outlined ,#kp_button_69f518e5805fe a.kp_button-square_outlined {border:2px solid ;}\r\n#kp_button_69f518e5805fe .kp_button-underline::after {background-color:#55c0c2!important;}\r\n<\/style>[vc_separator color=&#8221;custom&#8221; accent_color=&#8221;#52c3c4&#8243;][\/vc_column][\/vc_row][vc_row][vc_column][vc_column_text animation_duration=&#8221;1&#8243; animation_delay=&#8221;0&#8243;]<\/p>\n<h2>Aqua Village Residence Club<\/h2>\n<p>[\/vc_column_text][vc_empty_space][\/vc_column][\/vc_row][vc_row][vc_column width=&#8221;1\/4&#8243;][vc_single_image image=&#8221;4379&#8243; img_size=&#8221;full&#8221; animation_duration=&#8221;1&#8243; animation_delay=&#8221;0&#8243;][\/vc_column][vc_column width=&#8221;3\/4&#8243;][vc_column_text animation_duration=&#8221;1&#8243; animation_delay=&#8221;0&#8243;]<\/p>\n<h4>Apartamentos, gardens, coberturas e casas de vila com \u00e1reas privativas de 57 \u00e0 124 m\u00b2<br \/>\n\u00c1rea de lazer completa com parque aqu\u00e1tico, sauna, academia, sal\u00e3o de festas com espa\u00e7o gourmet, coworking, sal\u00e3o de jogos e brinquedoteca.<\/h4>\n<p>[\/vc_column_text][vc_empty_space][vc_row_inner][vc_column_inner width=&#8221;1\/2&#8243;][zad_icon_box icon_type=&#8221;custom&#8221; icon_img=&#8221;75&#8243; img_width=&#8221;25&#8243; title=&#8221;Rua Silveira Martins 239 &#8211; Catete&#8221; animation_duration=&#8221;1&#8243; animation_delay=&#8221;0&#8243; title_font_container=&#8221;h5&#8243;][\/zad_icon_box][zad_icon_box icon_type=&#8221;custom&#8221; icon_img=&#8221;72&#8243; img_width=&#8221;25&#8243; title=&#8221;88 apartamentos e 32 casas&#8221; animation_duration=&#8221;1&#8243; animation_delay=&#8221;0&#8243; title_font_container=&#8221;h5&#8243;][\/zad_icon_box][\/vc_column_inner][vc_column_inner width=&#8221;1\/2&#8243;][zad_icon_box icon_type=&#8221;custom&#8221; icon_img=&#8221;73&#8243; img_width=&#8221;25&#8243; title=&#8221;\u00c1rea de lazer completa&#8221; animation_duration=&#8221;1&#8243; animation_delay=&#8221;0&#8243; title_font_container=&#8221;h5&#8243;][\/zad_icon_box][\/vc_column_inner][\/vc_row_inner][\/vc_column][\/vc_row][vc_row][vc_column]<div id=\"kp_button_69f518e5806bb\" class=\"kp_button-wrapper kp_button-align-right\"><a  style=\"background: #55c0c2;color: #ffffff; \" data-bg-color=\"#55c0c2\" data-text-color=\"#ffffff\" data-hover-bg-color=\"#ffffff\" data-hover-text-color=\"#55c0c2\" class=\"button kp_button no-transition  kp_button-md kp_button-rounded \" href=\"https:\/\/klacon.com.br\/novo\/obras-em-andamento\/aqua_village\" title=\"Aqua Village Residence Club\" target=\"_self\"><span class=\"btn_text\"> fotos da obra<\/span><\/a><\/div>\n\t<style scoped>\r\n#kp_button_69f518e5806bb a.kp_button-outlined , #kp_button_69f518e5806bb a.kp_button-round_outlined ,#kp_button_69f518e5806bb a.kp_button-square_outlined {border:2px solid ;}\r\n#kp_button_69f518e5806bb .kp_button-underline::after {background-color:#55c0c2!important;}\r\n<\/style>[vc_separator color=&#8221;custom&#8221; accent_color=&#8221;#52c3c4&#8243;][\/vc_column][\/vc_row][vc_row][vc_column][vc_column_text animation_duration=&#8221;1&#8243; animation_delay=&#8221;0&#8243;]<\/p>\n<h2>Soho G\u00e1vea Residencial<\/h2>\n<p>[\/vc_column_text][vc_empty_space][\/vc_column][\/vc_row][vc_row][vc_column width=&#8221;1\/4&#8243;][vc_single_image image=&#8221;4378&#8243; img_size=&#8221;full&#8221; animation_duration=&#8221;1&#8243; animation_delay=&#8221;0&#8243;][\/vc_column][vc_column width=&#8221;3\/4&#8243;][vc_column_text animation_duration=&#8221;1&#8243; animation_delay=&#8221;0&#8243;]<\/p>\n<h4>Studios, apartamentos, gardens e coberturas com \u00e1reas privativas de 37 \u00e0 129 m\u00b2<br \/>\n\u00c1rea de lazer com piscina, sauna, hidromassagem, academia, sal\u00e3o de festas gourmet e espa\u00e7o games.<br \/>\nComodidades:\u00a0coworking, lavanderia, podcast , lounge, minimarket e espa\u00e7o delivery<\/h4>\n<p>[\/vc_column_text][vc_empty_space][vc_row_inner][vc_column_inner width=&#8221;1\/2&#8243;][zad_icon_box icon_type=&#8221;custom&#8221; icon_img=&#8221;75&#8243; img_width=&#8221;25&#8243; title=&#8221;Rua Marques de S\u00e3o Vicente, 295 &#8211; G\u00e1vea&#8221; animation_duration=&#8221;1&#8243; animation_delay=&#8221;0&#8243; title_font_container=&#8221;h5&#8243;][\/zad_icon_box][zad_icon_box icon_type=&#8221;custom&#8221; icon_img=&#8221;72&#8243; img_width=&#8221;25&#8243; title=&#8221;35 apartamentos&#8221; animation_duration=&#8221;1&#8243; animation_delay=&#8221;0&#8243; title_font_container=&#8221;h5&#8243;][\/zad_icon_box][\/vc_column_inner][vc_column_inner width=&#8221;1\/2&#8243;][zad_icon_box icon_type=&#8221;custom&#8221; icon_img=&#8221;73&#8243; img_width=&#8221;25&#8243; title=&#8221;\u00c1rea de lazer completa&#8221; animation_duration=&#8221;1&#8243; animation_delay=&#8221;0&#8243; title_font_container=&#8221;h5&#8243;][\/zad_icon_box][\/vc_column_inner][\/vc_row_inner][\/vc_column][\/vc_row][vc_row][vc_column]<div id=\"kp_button_69f518e580762\" class=\"kp_button-wrapper kp_button-align-right\"><a  style=\"background: #55c0c2;color: #ffffff; \" data-bg-color=\"#55c0c2\" data-text-color=\"#ffffff\" data-hover-bg-color=\"#ffffff\" data-hover-text-color=\"#55c0c2\" class=\"button kp_button no-transition  kp_button-md kp_button-rounded \" href=\"https:\/\/klacon.com.br\/novo\/obras-em-andamento\/soho\/\" title=\"Soho G\u00e1vea Residencial\" target=\"_self\"><span class=\"btn_text\"> fotos da obra<\/span><\/a><\/div>\n\t<style scoped>\r\n#kp_button_69f518e580762 a.kp_button-outlined , #kp_button_69f518e580762 a.kp_button-round_outlined ,#kp_button_69f518e580762 a.kp_button-square_outlined {border:2px solid ;}\r\n#kp_button_69f518e580762 .kp_button-underline::after {background-color:#55c0c2!important;}\r\n<\/style>[vc_separator color=&#8221;custom&#8221; accent_color=&#8221;#52c3c4&#8243;][\/vc_column][\/vc_row][vc_row][vc_column][vc_column_text animation_duration=&#8221;1&#8243; animation_delay=&#8221;0&#8243;]<\/p>\n<h2>Kaasas &#8211; Pedra da G\u00e1vea<\/h2>\n<p>[\/vc_column_text][vc_empty_space][\/vc_column][\/vc_row][vc_row][vc_column width=&#8221;1\/4&#8243;][vc_single_image image=&#8221;4391&#8243; img_size=&#8221;full&#8221; animation_duration=&#8221;1&#8243; animation_delay=&#8221;0&#8243;][\/vc_column][vc_column width=&#8221;3\/4&#8243;][vc_column_text animation_duration=&#8221;1&#8243; animation_delay=&#8221;0&#8243;]<\/p>\n<h4>Condom\u00ednio localizado na Barrinha com casas de alto padr\u00e3o e clube com \u00e1rea de lazer completa contando com sal\u00e3o de festas, espa\u00e7o gourmet, bar da piscina, piscina, piscina natural, spa, sala de massagem, sauna, sal\u00e3o de beleza, brinquedoteca, playground infantil, espa\u00e7o teen, academia, parque pet, horta org\u00e2nica e quadra de areia.<\/h4>\n<p>[\/vc_column_text][vc_empty_space][vc_row_inner][vc_column_inner width=&#8221;1\/2&#8243;][zad_icon_box icon_type=&#8221;custom&#8221; icon_img=&#8221;75&#8243; img_width=&#8221;25&#8243; title=&#8221;Estr. Sorim\u00e3, 459 &#8211; Barrinha &#8211; Barra da Tijuca&#8221; animation_duration=&#8221;1&#8243; animation_delay=&#8221;0&#8243; title_font_container=&#8221;h5&#8243;][\/zad_icon_box][zad_icon_box icon_type=&#8221;custom&#8221; icon_img=&#8221;72&#8243; img_width=&#8221;25&#8243; title=&#8221;32 casas e clube&#8221; animation_duration=&#8221;1&#8243; animation_delay=&#8221;0&#8243; title_font_container=&#8221;h5&#8243;][\/zad_icon_box][\/vc_column_inner][vc_column_inner width=&#8221;1\/2&#8243;][zad_icon_box icon_type=&#8221;custom&#8221; icon_img=&#8221;73&#8243; img_width=&#8221;25&#8243; title=&#8221;Clube com estrutura completa&#8221; animation_duration=&#8221;1&#8243; animation_delay=&#8221;0&#8243; title_font_container=&#8221;h5&#8243;][\/zad_icon_box][\/vc_column_inner][\/vc_row_inner][\/vc_column][\/vc_row][vc_row][vc_column]<div id=\"kp_button_69f518e5807dd\" class=\"kp_button-wrapper kp_button-align-right\"><a  style=\"background: #55c0c2;color: #ffffff; \" data-bg-color=\"#55c0c2\" data-text-color=\"#ffffff\" data-hover-bg-color=\"#ffffff\" data-hover-text-color=\"#55c0c2\" class=\"button kp_button no-transition  kp_button-md kp_button-rounded \" href=\"https:\/\/klacon.com.br\/novo\/obras-em-andamento\/kaasas\/\" title=\"Kaasas\" target=\"_self\"><span class=\"btn_text\"> fotos da obra<\/span><\/a><\/div>\n\t<style scoped>\r\n#kp_button_69f518e5807dd a.kp_button-outlined , #kp_button_69f518e5807dd a.kp_button-round_outlined ,#kp_button_69f518e5807dd a.kp_button-square_outlined {border:2px solid ;}\r\n#kp_button_69f518e5807dd .kp_button-underline::after {background-color:#55c0c2!important;}\r\n<\/style>[vc_separator color=&#8221;custom&#8221; accent_color=&#8221;#52c3c4&#8243;][\/vc_column][\/vc_row][vc_row][vc_column][vc_empty_space][\/vc_column][\/vc_row]<\/p>\n","protected":false},"excerpt":{"rendered":"<p>[vc_row][vc_column][vc_column_text animation_duration=&#8221;1&#8243; animation_delay=&#8221;0&#8243;] LAR 233 &#8211; Reserva do Bosque [\/vc_column_text][vc_empty_space][\/vc_column][\/vc_row][vc_row][vc_column width=&#8221;1\/4&#8243;][vc_single_image image=&#8221;4368&#8243; img_size=&#8221;full&#8221; animation_duration=&#8221;1&#8243; animation_delay=&#8221;0&#8243;][\/vc_column][vc_column width=&#8221;3\/4&#8243;][vc_column_text animation_duration=&#8221;1&#8243; animation_delay=&#8221;0&#8243;] Apartamentos de 2 e 3 quartos, gardens e coberturas de 86 a 236 m\u00b2. Rooftop com vista para o Cristo com piscina de raia e infantil, sauna, sal\u00e3o de festas com \u00e1rea gourmet e churrasqueira e academia&#8230;.<\/p>\n","protected":false},"author":3,"featured_media":0,"parent":0,"menu_order":0,"comment_status":"closed","ping_status":"closed","template":"","meta":{"footnotes":""},"class_list":["post-4384","page","type-page","status-publish","hentry"],"_links":{"self":[{"href":"https:\/\/klacon.com.br\/novo\/wp-json\/wp\/v2\/pages\/4384"}],"collection":[{"href":"https:\/\/klacon.com.br\/novo\/wp-json\/wp\/v2\/pages"}],"about":[{"href":"https:\/\/klacon.com.br\/novo\/wp-json\/wp\/v2\/types\/page"}],"author":[{"embeddable":true,"href":"https:\/\/klacon.com.br\/novo\/wp-json\/wp\/v2\/users\/3"}],"replies":[{"embeddable":true,"href":"https:\/\/klacon.com.br\/novo\/wp-json\/wp\/v2\/comments?post=4384"}],"version-history":[{"count":26,"href":"https:\/\/klacon.com.br\/novo\/wp-json\/wp\/v2\/pages\/4384\/revisions"}],"predecessor-version":[{"id":4988,"href":"https:\/\/klacon.com.br\/novo\/wp-json\/wp\/v2\/pages\/4384\/revisions\/4988"}],"wp:attachment":[{"href":"https:\/\/klacon.com.br\/novo\/wp-json\/wp\/v2\/media?parent=4384"}],"curies":[{"name":"wp","href":"https:\/\/api.w.org\/{rel}","templated":true}]}}

<p>[vc_row][vc_column][vc_column_text animation_duration=&#8221;1&#8243; animation_delay=&#8221;0&#8243;]</p>
<h2>LAR 233 &#8211; Reserva do Bosque</h2>
<p>[/vc_column_text][vc_empty_space][/vc_column][/vc_row][vc_row][vc_column width=&#8221;1/4&#8243;][vc_single_image image=&#8221;4368&#8243; img_size=&#8221;full&#8221; animation_duration=&#8221;1&#8243; animation_delay=&#8221;0&#8243;][/vc_column][vc_column width=&#8221;3/4&#8243;][vc_column_text animation_duration=&#8221;1&#8243; animation_delay=&#8221;0&#8243;]</p>
<h4>Apartamentos de 2 e 3 quartos, gardens e coberturas de 86 a 236 m².<br />
Rooftop com vista para o Cristo com piscina de raia e infantil, sauna, salão de festas com área gourmet e churrasqueira e academia.<br />
Bosque privativo para os moradores com parque infantil.</h4>
<p>[/vc_column_text][vc_empty_space][vc_row_inner][vc_column_inner width=&#8221;1/2&#8243;][zad_icon_box icon_type=&#8221;custom&#8221; icon_img=&#8221;75&#8243; img_width=&#8221;25&#8243; title=&#8221;Rua das Laranjeiras, 233 &#8211; Laranjeiras&#8221; animation_duration=&#8221;1&#8243; animation_delay=&#8221;0&#8243; title_font_container=&#8221;h5&#8243;][/zad_icon_box][zad_icon_box icon_type=&#8221;custom&#8221; icon_img=&#8221;72&#8243; img_width=&#8221;25&#8243; title=&#8221;64 apartamentos&#8221; animation_duration=&#8221;1&#8243; animation_delay=&#8221;0&#8243; title_font_container=&#8221;h5&#8243;][/zad_icon_box][/vc_column_inner][vc_column_inner width=&#8221;1/2&#8243;][zad_icon_box icon_type=&#8221;custom&#8221; icon_img=&#8221;73&#8243; img_width=&#8221;25&#8243; title=&#8221;Rooftop com área de lazer completa. Bosque privativo!&#8221; animation_duration=&#8221;1&#8243; animation_delay=&#8221;0&#8243; title_font_container=&#8221;h5&#8243;][/zad_icon_box][/vc_column_inner][/vc_row_inner][/vc_column][/vc_row][vc_row][vc_column]<div id="kp_button_69f518e5805fe" class="kp_button-wrapper kp_button-align-right"><a  style="background: #55c0c2;color: #ffffff; " data-bg-color="#55c0c2" data-text-color="#ffffff" data-hover-bg-color="#ffffff" data-hover-text-color="#55c0c2" class="button kp_button no-transition  kp_button-md kp_button-rounded " href="https://klacon.com.br/novo/obras-em-andamento/lar233/" title="Enredo Riachuelo 201" target="_self"><span class="btn_text"> fotos da obra</span></a></div>
	<style scoped>
#kp_button_69f518e5805fe a.kp_button-outlined , #kp_button_69f518e5805fe a.kp_button-round_outlined ,#kp_button_69f518e5805fe a.kp_button-square_outlined {border:2px solid ;}
#kp_button_69f518e5805fe .kp_button-underline::after {background-color:#55c0c2!important;}
</style>[vc_separator color=&#8221;custom&#8221; accent_color=&#8221;#52c3c4&#8243;][/vc_column][/vc_row][vc_row][vc_column][vc_column_text animation_duration=&#8221;1&#8243; animation_delay=&#8221;0&#8243;]</p>
<h2>Aqua Village Residence Club</h2>
<p>[/vc_column_text][vc_empty_space][/vc_column][/vc_row][vc_row][vc_column width=&#8221;1/4&#8243;][vc_single_image image=&#8221;4379&#8243; img_size=&#8221;full&#8221; animation_duration=&#8221;1&#8243; animation_delay=&#8221;0&#8243;][/vc_column][vc_column width=&#8221;3/4&#8243;][vc_column_text animation_duration=&#8221;1&#8243; animation_delay=&#8221;0&#8243;]</p>
<h4>Apartamentos, gardens, coberturas e casas de vila com áreas privativas de 57 à 124 m²<br />
Área de lazer completa com parque aquático, sauna, academia, salão de festas com espaço gourmet, coworking, salão de jogos e brinquedoteca.</h4>
<p>[/vc_column_text][vc_empty_space][vc_row_inner][vc_column_inner width=&#8221;1/2&#8243;][zad_icon_box icon_type=&#8221;custom&#8221; icon_img=&#8221;75&#8243; img_width=&#8221;25&#8243; title=&#8221;Rua Silveira Martins 239 &#8211; Catete&#8221; animation_duration=&#8221;1&#8243; animation_delay=&#8221;0&#8243; title_font_container=&#8221;h5&#8243;][/zad_icon_box][zad_icon_box icon_type=&#8221;custom&#8221; icon_img=&#8221;72&#8243; img_width=&#8221;25&#8243; title=&#8221;88 apartamentos e 32 casas&#8221; animation_duration=&#8221;1&#8243; animation_delay=&#8221;0&#8243; title_font_container=&#8221;h5&#8243;][/zad_icon_box][/vc_column_inner][vc_column_inner width=&#8221;1/2&#8243;][zad_icon_box icon_type=&#8221;custom&#8221; icon_img=&#8221;73&#8243; img_width=&#8221;25&#8243; title=&#8221;Área de lazer completa&#8221; animation_duration=&#8221;1&#8243; animation_delay=&#8221;0&#8243; title_font_container=&#8221;h5&#8243;][/zad_icon_box][/vc_column_inner][/vc_row_inner][/vc_column][/vc_row][vc_row][vc_column]<div id="kp_button_69f518e5806bb" class="kp_button-wrapper kp_button-align-right"><a  style="background: #55c0c2;color: #ffffff; " data-bg-color="#55c0c2" data-text-color="#ffffff" data-hover-bg-color="#ffffff" data-hover-text-color="#55c0c2" class="button kp_button no-transition  kp_button-md kp_button-rounded " href="https://klacon.com.br/novo/obras-em-andamento/aqua_village" title="Aqua Village Residence Club" target="_self"><span class="btn_text"> fotos da obra</span></a></div>
	<style scoped>
#kp_button_69f518e5806bb a.kp_button-outlined , #kp_button_69f518e5806bb a.kp_button-round_outlined ,#kp_button_69f518e5806bb a.kp_button-square_outlined {border:2px solid ;}
#kp_button_69f518e5806bb .kp_button-underline::after {background-color:#55c0c2!important;}
</style>[vc_separator color=&#8221;custom&#8221; accent_color=&#8221;#52c3c4&#8243;][/vc_column][/vc_row][vc_row][vc_column][vc_column_text animation_duration=&#8221;1&#8243; animation_delay=&#8221;0&#8243;]</p>
<h2>Soho Gávea Residencial</h2>
<p>[/vc_column_text][vc_empty_space][/vc_column][/vc_row][vc_row][vc_column width=&#8221;1/4&#8243;][vc_single_image image=&#8221;4378&#8243; img_size=&#8221;full&#8221; animation_duration=&#8221;1&#8243; animation_delay=&#8221;0&#8243;][/vc_column][vc_column width=&#8221;3/4&#8243;][vc_column_text animation_duration=&#8221;1&#8243; animation_delay=&#8221;0&#8243;]</p>
<h4>Studios, apartamentos, gardens e coberturas com áreas privativas de 37 à 129 m²<br />
Área de lazer com piscina, sauna, hidromassagem, academia, salão de festas gourmet e espaço games.<br />
Comodidades: coworking, lavanderia, podcast , lounge, minimarket e espaço delivery</h4>
<p>[/vc_column_text][vc_empty_space][vc_row_inner][vc_column_inner width=&#8221;1/2&#8243;][zad_icon_box icon_type=&#8221;custom&#8221; icon_img=&#8221;75&#8243; img_width=&#8221;25&#8243; title=&#8221;Rua Marques de São Vicente, 295 &#8211; Gávea&#8221; animation_duration=&#8221;1&#8243; animation_delay=&#8221;0&#8243; title_font_container=&#8221;h5&#8243;][/zad_icon_box][zad_icon_box icon_type=&#8221;custom&#8221; icon_img=&#8221;72&#8243; img_width=&#8221;25&#8243; title=&#8221;35 apartamentos&#8221; animation_duration=&#8221;1&#8243; animation_delay=&#8221;0&#8243; title_font_container=&#8221;h5&#8243;][/zad_icon_box][/vc_column_inner][vc_column_inner width=&#8221;1/2&#8243;][zad_icon_box icon_type=&#8221;custom&#8221; icon_img=&#8221;73&#8243; img_width=&#8221;25&#8243; title=&#8221;Área de lazer completa&#8221; animation_duration=&#8221;1&#8243; animation_delay=&#8221;0&#8243; title_font_container=&#8221;h5&#8243;][/zad_icon_box][/vc_column_inner][/vc_row_inner][/vc_column][/vc_row][vc_row][vc_column]<div id="kp_button_69f518e580762" class="kp_button-wrapper kp_button-align-right"><a  style="background: #55c0c2;color: #ffffff; " data-bg-color="#55c0c2" data-text-color="#ffffff" data-hover-bg-color="#ffffff" data-hover-text-color="#55c0c2" class="button kp_button no-transition  kp_button-md kp_button-rounded " href="https://klacon.com.br/novo/obras-em-andamento/soho/" title="Soho Gávea Residencial" target="_self"><span class="btn_text"> fotos da obra</span></a></div>
	<style scoped>
#kp_button_69f518e580762 a.kp_button-outlined , #kp_button_69f518e580762 a.kp_button-round_outlined ,#kp_button_69f518e580762 a.kp_button-square_outlined {border:2px solid ;}
#kp_button_69f518e580762 .kp_button-underline::after {background-color:#55c0c2!important;}
</style>[vc_separator color=&#8221;custom&#8221; accent_color=&#8221;#52c3c4&#8243;][/vc_column][/vc_row][vc_row][vc_column][vc_column_text animation_duration=&#8221;1&#8243; animation_delay=&#8221;0&#8243;]</p>
<h2>Kaasas &#8211; Pedra da Gávea</h2>
<p>[/vc_column_text][vc_empty_space][/vc_column][/vc_row][vc_row][vc_column width=&#8221;1/4&#8243;][vc_single_image image=&#8221;4391&#8243; img_size=&#8221;full&#8221; animation_duration=&#8221;1&#8243; animation_delay=&#8221;0&#8243;][/vc_column][vc_column width=&#8221;3/4&#8243;][vc_column_text animation_duration=&#8221;1&#8243; animation_delay=&#8221;0&#8243;]</p>
<h4>Condomínio localizado na Barrinha com casas de alto padrão e clube com área de lazer completa contando com salão de festas, espaço gourmet, bar da piscina, piscina, piscina natural, spa, sala de massagem, sauna, salão de beleza, brinquedoteca, playground infantil, espaço teen, academia, parque pet, horta orgânica e quadra de areia.</h4>
<p>[/vc_column_text][vc_empty_space][vc_row_inner][vc_column_inner width=&#8221;1/2&#8243;][zad_icon_box icon_type=&#8221;custom&#8221; icon_img=&#8221;75&#8243; img_width=&#8221;25&#8243; title=&#8221;Estr. Sorimã, 459 &#8211; Barrinha &#8211; Barra da Tijuca&#8221; animation_duration=&#8221;1&#8243; animation_delay=&#8221;0&#8243; title_font_container=&#8221;h5&#8243;][/zad_icon_box][zad_icon_box icon_type=&#8221;custom&#8221; icon_img=&#8221;72&#8243; img_width=&#8221;25&#8243; title=&#8221;32 casas e clube&#8221; animation_duration=&#8221;1&#8243; animation_delay=&#8221;0&#8243; title_font_container=&#8221;h5&#8243;][/zad_icon_box][/vc_column_inner][vc_column_inner width=&#8221;1/2&#8243;][zad_icon_box icon_type=&#8221;custom&#8221; icon_img=&#8221;73&#8243; img_width=&#8221;25&#8243; title=&#8221;Clube com estrutura completa&#8221; animation_duration=&#8221;1&#8243; animation_delay=&#8221;0&#8243; title_font_container=&#8221;h5&#8243;][/zad_icon_box][/vc_column_inner][/vc_row_inner][/vc_column][/vc_row][vc_row][vc_column]<div id="kp_button_69f518e5807dd" class="kp_button-wrapper kp_button-align-right"><a  style="background: #55c0c2;color: #ffffff; " data-bg-color="#55c0c2" data-text-color="#ffffff" data-hover-bg-color="#ffffff" data-hover-text-color="#55c0c2" class="button kp_button no-transition  kp_button-md kp_button-rounded " href="https://klacon.com.br/novo/obras-em-andamento/kaasas/" title="Kaasas" target="_self"><span class="btn_text"> fotos da obra</span></a></div>
	<style scoped>
#kp_button_69f518e5807dd a.kp_button-outlined , #kp_button_69f518e5807dd a.kp_button-round_outlined ,#kp_button_69f518e5807dd a.kp_button-square_outlined {border:2px solid ;}
#kp_button_69f518e5807dd .kp_button-underline::after {background-color:#55c0c2!important;}
</style>[vc_separator color=&#8221;custom&#8221; accent_color=&#8221;#52c3c4&#8243;][/vc_column][/vc_row][vc_row][vc_column][vc_empty_space][/vc_column][/vc_row]</p>

<p>[vc_row][vc_column][vc_column_text animation_duration=&#8221;1&#8243; animation_delay=&#8221;0&#8243;] LAR 233 &#8211; Reserva do Bosque [/vc_column_text][vc_empty_space][/vc_column][/vc_row][vc_row][vc_column width=&#8221;1/4&#8243;][vc_single_image image=&#8221;4368&#8243; img_size=&#8221;full&#8221; animation_duration=&#8221;1&#8243; animation_delay=&#8221;0&#8243;][/vc_column][vc_column width=&#8221;3/4&#8243;][vc_column_text animation_duration=&#8221;1&#8243; animation_delay=&#8221;0&#8243;] Apartamentos de 2 e 3 quartos, gardens e coberturas de 86 a 236 m². Rooftop com vista para o Cristo com piscina de raia e infantil, sauna, salão de festas com área gourmet e churrasqueira e academia&#8230;.</p>
