{"id":1229,"date":"2019-05-10T23:46:27","date_gmt":"2019-05-10T23:46:27","guid":{"rendered":"https:\/\/klacon.com.br\/novo\/?page_id=1229"},"modified":"2019-06-25T21:27:50","modified_gmt":"2019-06-25T21:27:50","slug":"quality-shopping-2","status":"publish","type":"page","link":"https:\/\/klacon.com.br\/novo\/obras-realizadas\/quality-shopping-2\/","title":{"rendered":"Quality Shopping"},"content":{"rendered":"<p>[vc_row][vc_column width=&#8221;1\/4&#8243;][vc_single_image image=&#8221;1233&#8243; img_size=&#8221;full&#8221; animation_duration=&#8221;1&#8243; animation_delay=&#8221;0&#8243;][\/vc_column][vc_column width=&#8221;3\/4&#8243;][vc_row_inner][vc_column_inner][vc_column_text animation_duration=&#8221;1&#8243; animation_delay=&#8221;0&#8243;]Agora, a 500 metros da Linha Amarela, Jacarepagu\u00e1 est\u00e1 ganhando um shopping com padr\u00e3o de primeiro mundo: o Quality Shopping. Um projeto moderno onde voc\u00ea \u00e9 dono da sua loja. E ao ser dono do seu pr\u00f3prio neg\u00f3cio, sem pagar luvas e aluguel, os lucros ser\u00e3o s\u00f3 seus!<\/p>\n<p>Jacarepagu\u00e1 est\u00e1 crescendo e sua popula\u00e7\u00e3o est\u00e1 cada vez mais exigente. Caminho para a Zona Oeste, Barra e Zona Norte, atualmente mais de 100.000 pessoas transitam por suas ruas e, com a abertura da Linha Amarela, este contingente se multiplicou fazendo com que o potencial de consumo de Jacarepagu\u00e1 tamb\u00e9m se multiplique, competindo com a pr\u00f3pria Barra da Tijuca.<\/p>\n<p>No Quality Shopping, as lojas est\u00e3o situadas em uma avenida interna refrigerada em forma de uma suave espiral, proporcionando a mesma visibilidade para todas as lojas.<\/p>\n<ul>\n<li>Mall totalmente refrigerado;<\/li>\n<li>248 lojas;<\/li>\n<li>2 cinemas;<\/li>\n<li>Pra\u00e7a de alimenta\u00e7\u00e3o p\/ 450 pessoas sentadas;<\/li>\n<li>Pra\u00e7a infantil c\/ brinquedos de \u00faltima gera\u00e7\u00e3o;<\/li>\n<li>2 escadas rolantes;<\/li>\n<li>Amplo estacionamento;<\/li>\n<li>Condu\u00e7\u00e3o f\u00e1cil na porta;<\/li>\n<li>A apenas 500m da Linha Amarela<\/li>\n<\/ul>\n<p>[\/vc_column_text][\/vc_column_inner][\/vc_row_inner][vc_row_inner][vc_column_inner width=&#8221;1\/2&#8243;][zad_icon_box icon_type=&#8221;custom&#8221; icon_img=&#8221;219&#8243; img_width=&#8221;48&#8243; title=&#8221;Comercial&#8221; animation_duration=&#8221;1&#8243; animation_delay=&#8221;0&#8243; title_font_container=&#8221;h5&#8243;][\/zad_icon_box][zad_icon_box icon_type=&#8221;custom&#8221; icon_img=&#8221;220&#8243; img_width=&#8221;48&#8243; title=&#8221;24.895 m\u00b2&#8221; animation_duration=&#8221;1&#8243; animation_delay=&#8221;0&#8243; title_font_container=&#8221;h5&#8243;][\/zad_icon_box][\/vc_column_inner][vc_column_inner width=&#8221;1\/2&#8243;][zad_icon_box icon_type=&#8221;custom&#8221; icon_img=&#8221;45&#8243; img_width=&#8221;48&#8243; title=&#8221; 07 pavimentos com total de 248 lojas&#8221; animation_duration=&#8221;1&#8243; animation_delay=&#8221;0&#8243; title_font_container=&#8221;h5&#8243;][\/zad_icon_box][\/vc_column_inner][\/vc_row_inner][\/vc_column][\/vc_row][vc_row][vc_column][vc_text_separator title=&#8221;FOTOS DO EMPREENDIMENTO&#8221; color=&#8221;custom&#8221; border_width=&#8221;2&#8243; accent_color=&#8221;#52c3c4&#8243;][vc_empty_space]<div id=\"ult-carousel-210891947969f56dbe7eb73\" class=\" ult-carousel-wrapper ult_horizontal\" data-gutter=\"15\"><div class=\"ult-carousel-93728405669f56dbe7eb6b \">[vc_single_image image=&#8221;1230&#8243; onclick=&#8221;link_image&#8221; animation_duration=&#8221;1&#8243; animation_delay=&#8221;0&#8243;][vc_single_image image=&#8221;1231&#8243; onclick=&#8221;link_image&#8221; animation_duration=&#8221;1&#8243; animation_delay=&#8221;0&#8243;][vc_single_image image=&#8221;1232&#8243; onclick=&#8221;link_image&#8221; animation_duration=&#8221;1&#8243; animation_delay=&#8221;0&#8243;]<\/div><\/div>\r\n            <script type=\"text\/javascript\">\r\r\n\t\t\t\tjQuery(document).ready(function($){\r\r\n               \t\t$('.ult-carousel-93728405669f56dbe7eb6b').slick({dots: true,autoplaySpeed: 5000,speed: 300,infinite: false,arrows: true,nextArrow: '<button type=\"button\" style=\"color:#52c3c4; font-size:50px;\" class=\"slick-next default\"><i class=\"ultsl-arrow-right4\"><\/i><\/button>',prevArrow: '<button type=\"button\" style=\"color:#52c3c4; font-size:50px;\" class=\"slick-prev default\"><i class=\"ultsl-arrow-left4\"><\/i><\/button>',slidesToScroll:5,slidesToShow:5,swipe: true,draggable: true,touchMove: true,responsive: [\r\r\n\t\t\t\t\t\t\t{\r\r\n\t\t\t\t\t\t\t  breakpoint: 1025,\r\r\n\t\t\t\t\t\t\t  settings: {\r\r\n\t\t\t\t\t\t\t\tslidesToShow: 5,\r\r\n\t\t\t\t\t\t\t\tslidesToScroll: 5,\r\r\n\t\t\t\t\t\t\t\t\r\r\n\t\t\t\t\t\t\t\t\r\r\n\t\t\t\t\t\t\t  }\r\r\n\t\t\t\t\t\t\t},\r\r\n\t\t\t\t\t\t\t{\r\r\n\t\t\t\t\t\t\t  breakpoint: 769,\r\r\n\t\t\t\t\t\t\t  settings: {\r\r\n\t\t\t\t\t\t\t\tslidesToShow: 3,\r\r\n\t\t\t\t\t\t\t\tslidesToScroll: 3\r\r\n\t\t\t\t\t\t\t  }\r\r\n\t\t\t\t\t\t\t},\r\r\n\t\t\t\t\t\t\t{\r\r\n\t\t\t\t\t\t\t  breakpoint: 481,\r\r\n\t\t\t\t\t\t\t  settings: {\r\r\n\t\t\t\t\t\t\t\tslidesToShow: 2,\r\r\n\t\t\t\t\t\t\t\tslidesToScroll: 2\r\r\n\t\t\t\t\t\t\t  }\r\r\n\t\t\t\t\t\t\t}\r\r\n\t\t\t\t\t\t],pauseOnHover: true,\r\r\n\t\t\t\t\t\tpauseOnDotsHover: true,customPaging: function(slider, i) {\r\r\n                   return '<i type=\"button\" style=\"color:#333333;\" class=\"ultsl-record\" data-role=\"none\"><\/i>';\r\r\n                },});\r\r\n\t\t\t\t});\r\r\n\t\t\t<\/script>\r\r\n            [vc_empty_space][\/vc_column][\/vc_row][vc_row][vc_column][vc_text_separator title=&#8221;MAPA DA LOCALIZA\u00c7\u00c3O&#8221; color=&#8221;custom&#8221; border_width=&#8221;2&#8243; accent_color=&#8221;#52c3c4&#8243;][vc_empty_space][vc_column_text animation_duration=&#8221;1&#8243; animation_delay=&#8221;0&#8243;]<iframe loading=\"lazy\" style=\"border: 0;\" src=\"https:\/\/www.google.com\/maps\/embed?pb=!1m14!1m8!1m3!1d7348.606574383687!2d-43.344751!3d-22.939055!3m2!1i1024!2i768!4f13.1!3m3!1m2!1s0x9bd836c4aa7da1%3A0x548c62a5d127c264!2sCondom%C3%ADnio+Quality+Shopping+Center+-+Freguesia+(Jacarepagu%C3%A1)%2C+Rio+de+Janeiro+-+RJ%2C+22750-008!5e0!3m2!1spt-BR!2sbr!4v1557531966118!5m2!1spt-BR!2sbr\" width=\"100%\" height=\"450\" frameborder=\"0\" allowfullscreen=\"allowfullscreen\"><\/iframe>[\/vc_column_text][\/vc_column][\/vc_row]<\/p>\n","protected":false},"excerpt":{"rendered":"<p>[vc_row][vc_column width=&#8221;1\/4&#8243;][vc_single_image image=&#8221;1233&#8243; img_size=&#8221;full&#8221; animation_duration=&#8221;1&#8243; animation_delay=&#8221;0&#8243;][\/vc_column][vc_column width=&#8221;3\/4&#8243;][vc_row_inner][vc_column_inner][vc_column_text animation_duration=&#8221;1&#8243; animation_delay=&#8221;0&#8243;]Agora, a 500 metros da Linha Amarela, Jacarepagu\u00e1 est\u00e1 ganhando um shopping com padr\u00e3o de primeiro mundo: o Quality Shopping. Um projeto moderno onde voc\u00ea \u00e9 dono da sua loja. E ao ser dono do seu pr\u00f3prio neg\u00f3cio, sem pagar luvas e aluguel, os lucros ser\u00e3o s\u00f3&#8230;<\/p>\n","protected":false},"author":3,"featured_media":0,"parent":19,"menu_order":0,"comment_status":"closed","ping_status":"closed","template":"","meta":{"footnotes":""},"class_list":["post-1229","page","type-page","status-publish","hentry"],"_links":{"self":[{"href":"https:\/\/klacon.com.br\/novo\/wp-json\/wp\/v2\/pages\/1229"}],"collection":[{"href":"https:\/\/klacon.com.br\/novo\/wp-json\/wp\/v2\/pages"}],"about":[{"href":"https:\/\/klacon.com.br\/novo\/wp-json\/wp\/v2\/types\/page"}],"author":[{"embeddable":true,"href":"https:\/\/klacon.com.br\/novo\/wp-json\/wp\/v2\/users\/3"}],"replies":[{"embeddable":true,"href":"https:\/\/klacon.com.br\/novo\/wp-json\/wp\/v2\/comments?post=1229"}],"version-history":[{"count":2,"href":"https:\/\/klacon.com.br\/novo\/wp-json\/wp\/v2\/pages\/1229\/revisions"}],"predecessor-version":[{"id":1455,"href":"https:\/\/klacon.com.br\/novo\/wp-json\/wp\/v2\/pages\/1229\/revisions\/1455"}],"up":[{"embeddable":true,"href":"https:\/\/klacon.com.br\/novo\/wp-json\/wp\/v2\/pages\/19"}],"wp:attachment":[{"href":"https:\/\/klacon.com.br\/novo\/wp-json\/wp\/v2\/media?parent=1229"}],"curies":[{"name":"wp","href":"https:\/\/api.w.org\/{rel}","templated":true}]}}