{"id":1222,"date":"2019-05-10T23:39:26","date_gmt":"2019-05-10T23:39:26","guid":{"rendered":"https:\/\/klacon.com.br\/novo\/?page_id=1222"},"modified":"2019-05-10T23:39:26","modified_gmt":"2019-05-10T23:39:26","slug":"time-center","status":"publish","type":"page","link":"https:\/\/klacon.com.br\/novo\/obras-realizadas\/time-center\/","title":{"rendered":"Time Center"},"content":{"rendered":"<p>[vc_row][vc_column width=&#8221;1\/4&#8243;][vc_single_image image=&#8221;1227&#8243; img_size=&#8221;full&#8221; animation_duration=&#8221;1&#8243; animation_delay=&#8221;0&#8243;][\/vc_column][vc_column width=&#8221;3\/4&#8243;][vc_row_inner][vc_column_inner][vc_column_text animation_duration=&#8221;1&#8243; animation_delay=&#8221;0&#8243;]O Recreio est\u00e1 crescendo. E esta \u00e9 a grande oportunidade de voc\u00ea crescer junto, investindo ou abrindo seu neg\u00f3cio num lugar que \u00e9 muito mais que um shopping center e muito mais que um centro comercial. Time Center Recreio \u00e9 o lugar que voc\u00ea e o Recreio estavam esperando.<\/p>\n<ul>\n<li>2 andares;<\/li>\n<li>T\u00e9rreo com 115 lojas;<\/li>\n<li>1\u00ba andar com 65 salas;<\/li>\n<li>Pra\u00e7a de alimenta\u00e7\u00e3o;<\/li>\n<li>1.800 vagas\/dia;<\/li>\n<li>Pertinho da linha amarela;<\/li>\n<li>Ao lado da Recreio Ve\u00edculos.<\/li>\n<\/ul>\n<p>[\/vc_column_text][\/vc_column_inner][\/vc_row_inner][vc_row_inner][vc_column_inner width=&#8221;1\/2&#8243;][zad_icon_box icon_type=&#8221;custom&#8221; icon_img=&#8221;219&#8243; img_width=&#8221;48&#8243; title=&#8221;Comercial&#8221; animation_duration=&#8221;1&#8243; animation_delay=&#8221;0&#8243; title_text_typography=&#8221;&#8221; title_font_container=&#8221;h5&#8243; desc_text_typography=&#8221;&#8221;][\/zad_icon_box][zad_icon_box icon_type=&#8221;custom&#8221; icon_img=&#8221;220&#8243; img_width=&#8221;48&#8243; title=&#8221;6.169 m\u00b2&#8221; animation_duration=&#8221;1&#8243; animation_delay=&#8221;0&#8243; title_text_typography=&#8221;&#8221; title_font_container=&#8221;h5&#8243; desc_text_typography=&#8221;&#8221;][\/zad_icon_box][\/vc_column_inner][vc_column_inner width=&#8221;1\/2&#8243;][zad_icon_box icon_type=&#8221;custom&#8221; icon_img=&#8221;45&#8243; img_width=&#8221;48&#8243; title=&#8221;03 pavimentos com total de 185 lojas e salas&#8221; animation_duration=&#8221;1&#8243; animation_delay=&#8221;0&#8243; title_text_typography=&#8221;&#8221; title_font_container=&#8221;h5&#8243; desc_text_typography=&#8221;&#8221;][\/zad_icon_box][\/vc_column_inner][\/vc_row_inner][\/vc_column][\/vc_row][vc_row][vc_column][vc_text_separator title=&#8221;FOTOS DO EMPREENDIMENTO&#8221; color=&#8221;custom&#8221; border_width=&#8221;2&#8243; accent_color=&#8221;#52c3c4&#8243;][vc_empty_space]<div id=\"ult-carousel-153214355469f51fb124b3e\" class=\" ult-carousel-wrapper ult_horizontal\" data-gutter=\"15\"><div class=\"ult-carousel-172731128069f51fb124b36 \">[vc_single_image image=&#8221;1226&#8243; onclick=&#8221;link_image&#8221; animation_duration=&#8221;1&#8243; animation_delay=&#8221;0&#8243;][vc_single_image image=&#8221;1225&#8243; onclick=&#8221;link_image&#8221; animation_duration=&#8221;1&#8243; animation_delay=&#8221;0&#8243;][vc_single_image image=&#8221;1224&#8243; onclick=&#8221;link_image&#8221; animation_duration=&#8221;1&#8243; animation_delay=&#8221;0&#8243;]<\/div><\/div>\r\n            <script type=\"text\/javascript\">\r\r\n\t\t\t\tjQuery(document).ready(function($){\r\r\n               \t\t$('.ult-carousel-172731128069f51fb124b36').slick({dots: true,autoplaySpeed: 5000,speed: 300,infinite: false,arrows: true,nextArrow: '<button type=\"button\" style=\"color:#52c3c4; font-size:50px;\" class=\"slick-next default\"><i class=\"ultsl-arrow-right4\"><\/i><\/button>',prevArrow: '<button type=\"button\" style=\"color:#52c3c4; font-size:50px;\" class=\"slick-prev default\"><i class=\"ultsl-arrow-left4\"><\/i><\/button>',slidesToScroll:5,slidesToShow:5,swipe: true,draggable: true,touchMove: true,responsive: [\r\r\n\t\t\t\t\t\t\t{\r\r\n\t\t\t\t\t\t\t  breakpoint: 1025,\r\r\n\t\t\t\t\t\t\t  settings: {\r\r\n\t\t\t\t\t\t\t\tslidesToShow: 5,\r\r\n\t\t\t\t\t\t\t\tslidesToScroll: 5,\r\r\n\t\t\t\t\t\t\t\t\r\r\n\t\t\t\t\t\t\t\t\r\r\n\t\t\t\t\t\t\t  }\r\r\n\t\t\t\t\t\t\t},\r\r\n\t\t\t\t\t\t\t{\r\r\n\t\t\t\t\t\t\t  breakpoint: 769,\r\r\n\t\t\t\t\t\t\t  settings: {\r\r\n\t\t\t\t\t\t\t\tslidesToShow: 3,\r\r\n\t\t\t\t\t\t\t\tslidesToScroll: 3\r\r\n\t\t\t\t\t\t\t  }\r\r\n\t\t\t\t\t\t\t},\r\r\n\t\t\t\t\t\t\t{\r\r\n\t\t\t\t\t\t\t  breakpoint: 481,\r\r\n\t\t\t\t\t\t\t  settings: {\r\r\n\t\t\t\t\t\t\t\tslidesToShow: 2,\r\r\n\t\t\t\t\t\t\t\tslidesToScroll: 2\r\r\n\t\t\t\t\t\t\t  }\r\r\n\t\t\t\t\t\t\t}\r\r\n\t\t\t\t\t\t],pauseOnHover: true,\r\r\n\t\t\t\t\t\tpauseOnDotsHover: true,customPaging: function(slider, i) {\r\r\n                   return '<i type=\"button\" style=\"color:#333333;\" class=\"ultsl-record\" data-role=\"none\"><\/i>';\r\r\n                },});\r\r\n\t\t\t\t});\r\r\n\t\t\t<\/script>\r\r\n            [vc_empty_space][\/vc_column][\/vc_row][vc_row][vc_column][vc_text_separator title=&#8221;MAPA DA LOCALIZA\u00c7\u00c3O&#8221; color=&#8221;custom&#8221; border_width=&#8221;2&#8243; accent_color=&#8221;#52c3c4&#8243;][vc_empty_space][vc_column_text animation_duration=&#8221;1&#8243; animation_delay=&#8221;0&#8243;]<iframe loading=\"lazy\" style=\"border: 0;\" src=\"https:\/\/www.google.com\/maps\/embed?pb=!1m14!1m8!1m3!1d7344.598346085422!2d-43.464584!3d-23.012785!3m2!1i1024!2i768!4f13.1!3m3!1m2!1s0x9bdd49dfa40a95%3A0x3217a6d6a892c0bf!2sAv.+das+Am%C3%A9ricas%2C+15700+-+Recreio+dos+Bandeirantes%2C+Rio+de+Janeiro+-+RJ%2C+22790-701!5e0!3m2!1spt-BR!2sbr!4v1557531535651!5m2!1spt-BR!2sbr\" width=\"100%\" height=\"450\" frameborder=\"0\" allowfullscreen=\"allowfullscreen\"><\/iframe>[\/vc_column_text][\/vc_column][\/vc_row]<\/p>\n","protected":false},"excerpt":{"rendered":"<p>[vc_row][vc_column width=&#8221;1\/4&#8243;][vc_single_image image=&#8221;1227&#8243; img_size=&#8221;full&#8221; animation_duration=&#8221;1&#8243; animation_delay=&#8221;0&#8243;][\/vc_column][vc_column width=&#8221;3\/4&#8243;][vc_row_inner][vc_column_inner][vc_column_text animation_duration=&#8221;1&#8243; animation_delay=&#8221;0&#8243;]O Recreio est\u00e1 crescendo. E esta \u00e9 a grande oportunidade de voc\u00ea crescer junto, investindo ou abrindo seu neg\u00f3cio num lugar que \u00e9 muito mais que um shopping center e muito mais que um centro comercial. Time Center Recreio \u00e9 o lugar que voc\u00ea e o Recreio&#8230;<\/p>\n","protected":false},"author":3,"featured_media":0,"parent":19,"menu_order":0,"comment_status":"closed","ping_status":"closed","template":"","meta":{"footnotes":""},"class_list":["post-1222","page","type-page","status-publish","hentry"],"_links":{"self":[{"href":"https:\/\/klacon.com.br\/novo\/wp-json\/wp\/v2\/pages\/1222"}],"collection":[{"href":"https:\/\/klacon.com.br\/novo\/wp-json\/wp\/v2\/pages"}],"about":[{"href":"https:\/\/klacon.com.br\/novo\/wp-json\/wp\/v2\/types\/page"}],"author":[{"embeddable":true,"href":"https:\/\/klacon.com.br\/novo\/wp-json\/wp\/v2\/users\/3"}],"replies":[{"embeddable":true,"href":"https:\/\/klacon.com.br\/novo\/wp-json\/wp\/v2\/comments?post=1222"}],"version-history":[{"count":1,"href":"https:\/\/klacon.com.br\/novo\/wp-json\/wp\/v2\/pages\/1222\/revisions"}],"predecessor-version":[{"id":1228,"href":"https:\/\/klacon.com.br\/novo\/wp-json\/wp\/v2\/pages\/1222\/revisions\/1228"}],"up":[{"embeddable":true,"href":"https:\/\/klacon.com.br\/novo\/wp-json\/wp\/v2\/pages\/19"}],"wp:attachment":[{"href":"https:\/\/klacon.com.br\/novo\/wp-json\/wp\/v2\/media?parent=1222"}],"curies":[{"name":"wp","href":"https:\/\/api.w.org\/{rel}","templated":true}]}}